et n = -6 + 7. Let j = -4 - -2. What is the remainder when 37 is divided by ((-1)/j)/(n/26)?
11
Let u = -14 + 24. Calculate the remainder when 26 is divided by u.
6
Suppose 20*u - 16*u - 64 = 0. Calculate the remainder when 187 is divided by u.
11
What is the remainder when 40 is divided by (-80)/(-6) + (-8)/24 + 1?
12
Suppose 0*r = r + 3*j - 18, -3*r + 5*j = 16. Calculate the remainder when -14*1*(-4)/8 is divided by r.
1
Suppose 2*l - 59 = 3. Calculate the remainder when l is divided by 6/9 + (-44)/(-6).
7
Suppose 3*s = 4 + 8. Suppose -o - o = t - 73, 152 = 4*o - s*t. Let n(x) = -x**3 + 4*x**2 + 13*x - 21. Calculate the remainder when o is divided by n(5).
18
Let v(t) = t**3 - 4*t**2 - 3*t + 4. Calculate the remainder when 41 is divided by v(5).
13
Let c = 103 - 62. Suppose t - c = 5*h, -1 = t + 4*h + 3. What is the remainder when 47 is divided by t?
15
Suppose 5*h - 286 = -6*h. Calculate the remainder when 127 is divided by h.
23
Suppose q - 48 = -q. Calculate the remainder when q is divided by 5.
4
Let r = -25 - -49. Calculate the remainder when 91 is divided by r.
19
Let p be 110/(-9) + (-4)/(-18). Suppose 115 = 4*s - 1. What is the remainder when s is divided by -2 - (0 + p/1)?
9
Calculate the remainder when (0/1 - -3)*17 is divided by (-2 + -16)*(2 + -3)*1.
15
Let u = -28 - -40. Suppose -40 = -2*h - u. Let d = 50 + 3. Calculate the remainder when d is divided by h.
11
Suppose -7 = -5*v + 8. Calculate the remainder when 20 is divided by v.
2
Let l(f) = f - 2. Let o be l(4). Suppose -o*q + 50 = 3*q. What is the remainder when 19 is divided by q?
9
Let y(f) = f. Let x be y(-2). Let q(u) = -u - 3. What is the remainder when (1 - x)/((-6)/(-16)) is divided by q(-6)?
2
Let j(x) = x**3 + 1. What is the remainder when (5/20)/(2/(137 + -1)) is divided by j(2)?
8
Suppose -4*h = -55 - 9. Suppose 3*j = j + h. Calculate the remainder when j is divided by 5.
3
Suppose 3*w = 5 + 19. Let t = w + 26. Calculate the remainder when t is divided by 12.
10
Suppose -14 = -5*i + t, i + t = -0 - 2. Let j(f) = -f**2 + 3 + 0*f**2 + i*f**2 - 2*f**2 + f. What is the remainder when 11 is divided by j(0)?
2
Suppose 0 = -3*t - 4*g + g + 36, -3*t - g = -26. Let b = -4 - -6. Suppose -8 = -2*j + b. Calculate the remainder when t is divided by j.
2
Let v(m) = -m**2 - 6*m - 6. Let c be v(-4). Suppose f + 4*f + 3*q = 179, 4*f = c*q + 152. What is the remainder when f is divided by 13?
11
Calculate the remainder when (-79)/(-2)*1/(-2)*-4 is divided by 21.
16
Let y(j) = j + 7. Let r(f) = -2*f - 4. Let l be r(-5). Suppose 0 = k + 13*k - 336. Calculate the remainder when k is divided by y(l).
11
Calculate the remainder when ((-95)/(-10))/((-1 + 3)/8) is divided by 14.
10
Suppose -1 = y - 11. Let p(s) = s**3 + 5*s**2 - 2*s - 4. What is the remainder when y is divided by p(-5)?
4
Let k be (-24)/10 - 2/(-5). What is the remainder when 21 is divided by ((-33)/9)/(k/6)?
10
Let d = 58 + -82. Let m(p) = -6*p**2 - 6*p - 7. Let k be m(-3). Let c = d - k. Calculate the remainder when 55 is divided by c.
17
Let p = 132 - 90. What is the remainder when p is divided by 11?
9
Calculate the remainder when (32 + 0)*(-4 - -5) is divided by 5.
2
Let p(l) = -l - 8. Let b be (-2)/(-6) - (-19)/(-3). Let w be p(b). What is the remainder when w/4 + (-132)/(-8) is divided by 6?
4
Let v be (2 + (-4)/(-7))*7. Suppose -5*u = v - 103. Let s = 3 + 3. Calculate the remainder when u is divided by s.
5
Suppose -1 = -2*d + 7. Let j(u) = u**3 - 5*u**2 + 5*u - 1. Let i be j(4). Suppose 0*m = m - i. What is the remainder when d is divided by m?
1
Let g be (-25)/3 - 10/(-30). What is the remainder when 0 + -36*g/6 is divided by 10?
8
Suppose 0 = 8*d - 12*d + 200. What is the remainder when d is divided by 13?
11
Let l = 13 + -35. Let g = -15 - l. Calculate the remainder when g is divided by 2.
1
Suppose 3*u + k - 146 = -4*k, -145 = -3*u - 4*k. Let o(v) = -v + 22. Calculate the remainder when u is divided by o(10).
11
Let i(r) = 3*r**2 - 4*r + 5. Let v be i(4). Suppose 4*m + v + 23 = 0. Let s = m - -38. What is the remainder when s is divided by 8?
7
Let s = -7 - -3. What is the remainder when 77 is divided by (s/(-6))/(-1)*-24?
13
Let j(r) = 3*r - 4. Let l(g) = 7*g - 8. Let c(u) = -5*j(u) + 2*l(u). Calculate the remainder when c(-4) is divided by 3.
2
Suppose -4*q + 8 = 3*h, 16 = 4*q + 5*h - 0*h. Let i be (1 + q/2)*-60. What is the remainder when (-888)/i + (-6)/10 is divided by 10?
9
Let d be 49/28 + 3/12. Suppose -d*s - 3*z = -77, -3*s + 5*z = -8*s + 180. Calculate the remainder when s is divided by 17.
14
Let j(o) = -o**2 + 25*o - 34. What is the remainder when 93 is divided by j(22)?
29
Suppose -8*b - 16 = -4*b. What is the remainder when ((-150)/(-4))/((-3)/b) is divided by 13?
11
Suppose 2*b = -c - 2*c + 5, -5*b = -4*c - 24. Suppose 0 = 4*j - 12, -5*i - 93*j + 128 = -92*j. What is the remainder when i is divided by -1 + c + 15 - 0?
12
Let n be 63/14*34/3. Suppose 3*s - n = 69. Suppose -w - 4*w = -s. Calculate the remainder when w is divided by 3.
2
Let o = -13 - -62. Let j = o + -11. Let d(t) = -2*t**3 - t**2 - 2*t - 3. What is the remainder when j is divided by d(-2)?
12
Suppose -33 = -3*n + 5*h, 40 = 4*n + 3*h - 4. Let j(i) be the second derivative of -i**3/3 - 7*i**2 + 5*i. Calculate the remainder when n is divided by j(-10).
5
Suppose 25 = 2*h + 3. Suppose -4*u - 2*n = -124, 3*u - 2*n - 33 = 67. What is the remainder when u is divided by h?
10
Suppose 0 = z - 8 - 4. Calculate the remainder when 46 is divided by z.
10
Calculate the remainder when ((-30)/(-4))/((-24)/(-64)) is divided by 11.
9
Let d = 64 - 40. Calculate the remainder when d is divided by 8.
0
What is the remainder when 76 is divided by (-46)/(-6) + (-12)/18?
6
Let j(f) = 8*f + 3. Let o be j(-2). Let a be 0/2 - (o + 4). Let p = a - 4. Calculate the remainder when 13 is divided by p.
3
Let a = 9 - 5. Let q be 10/(-4)*(0 - 2). Let m(g) = 2*g - 7. What is the remainder when a is divided by m(q)?
1
Let t be 6/3 + -1 + 1. Suppose -c + 3*d = 4, c - d + 12 = t*c. Calculate the remainder when 14 is divided by c.
6
What is the remainder when 95 is divided by (3 - 5 - 46)*1/(-3)?
15
Let s = 6 + -5. What is the remainder when 2 - ((-42)/2 + s) is divided by 6?
4
Let g(t) = t**2 + 2*t. Let k be g(-2). Suppose -r + 3 + 0 = k. Suppose 3*u + 5*v = -0*u + 23, 4*u - r*v = 50. What is the remainder when 32 is divided by u?
10
Let z = 0 - -8. What is the remainder when 22 is divided by z?
6
Suppose 3*n + 3 = 0, -n = 5*s + n - 38. What is the remainder when (s/2 - -8) + 4 is divided by 9?
7
Let c(z) = 3*z**2 + 6*z - 12. Let j be c(8). Suppose 4*q = 2*t + j, -5*t = 23 - 3. Suppose 6*b - b - q = 0. What is the remainder when 32 is divided by b?
10
Suppose -4*o - 4*x = -2*o + 16, 5*x = 2*o - 29. Suppose -o*g + 0 - 16 = -u, 0 = -2*u - 3*g + 46. Calculate the remainder when u is divided by 7.
6
Let f(l) = -l + 20. Let g(d) = -1. Let h(k) = f(k) + 6*g(k). Calculate the remainder when 11 is divided by h(10).
3
Suppose 5*l = -0*l - 195. Let d = 85 + l. Calculate the remainder when d is divided by 24.
22
Let l(o) = -3*o - 8. Suppose -4*c - 23 = 5. What is the remainder when 50 is divided by l(c)?
11
Let h(w) = -w**2 + 4*w + 5. Let d = -4 - -17. What is the remainder when d is divided by h(4)?
3
Let m(c) be the second derivative of c**3/3 + 2*c**2 + 5*c. What is the remainder when m(10) is divided by 13?
11
Let i(d) = -d**3 + 7*d**2 + 3*d - 1. Let m be i(6). Suppose 0 = -2*o - 10 - 0, -3*w = 5*o - m. Calculate the remainder when 77 is divided by w.
25
Let q be ((-5)/10)/(2/(-100)). Suppose s - q = -2*i, -5*i + 2*s + 33 = -34. Suppose -g - 2*g = -5*t - 35, 4 = -t. What is the remainder when i is divided by g?
3
Suppose 0 = t - 4*f + 9, 4*t + f - 5*f = 0. Calculate the remainder when 4 is divided by t.
1
Let v = 0 - -1. What is the remainder when (48/(-108))/(4/(-18)) is divided by v?
0
Suppose 4*g = -10 + 38. Let t = 36 + -60. Calculate the remainder when g is divided by ((-4)/6)/(4/t).
3
Suppose 3*p + 2*p - 35 = 0. Let b(v) = v**3 + 3*v**2 - 5*v. What is the remainder when p is divided by b(-4)?
3
Let l(a) = -2*a**2 + 5*a + 0*a**3 - 4*a**2 + 0 + a**3 + 7. Let s(y) = y**2 + y + 5. Let x be s(0). What is the remainder when l(x) is divided by 4?
3
Suppose -3 + 13 = -2